alse
Is 459593 a prime number?
True
Is 1762511 a prime number?
True
Is 6922 a prime number?
False
Is 61543 composite?
False
Is 135159 a prime number?
False
Is 13701 a prime number?
False
Is 2239915 a composite number?
True
Is 126097 composite?
False
Is 1401751 composite?
True
Is 191855 composite?
True
Is 9636493 composite?
False
Is 39803 composite?
True
Is 6007 composite?
False
Is 1159967 composite?
False
Is 25417 composite?
True
Is 19889 a composite number?
False
Is 74741 prime?
False
Is 2274667 a prime number?
True
Is 100847 prime?
True
Is 2251 a prime number?
True
Is 329599 prime?
False
Is 55291 composite?
False
Is 401041 composite?
True
Is 1087 composite?
False
Is 70271 composite?
False
Is 435121 a composite number?
True
Is 3779 a prime number?
True
Is 92362 a prime number?
False
Is 77071 a composite number?
True
Is 181642 composite?
True
Is 103561 a composite number?
False
Is 8147 a prime number?
True
Is 14021 a composite number?
True
Is 292601 prime?
True
Is 413411 prime?
True
Is 225893 a composite number?
True
Is 50791 prime?
False
Is 415 a composite number?
True
Is 4541 a prime number?
False
Is 4629 a prime number?
False
Is 285421 prime?
True
Is 9133 a prime number?
True
Is 30437 composite?
True
Is 241195 prime?
False
Is 33379 a prime number?
False
Is 235147 a composite number?
True
Is 29117 prime?
False
Is 27961 prime?
True
Is 39451 a prime number?
True
Is 1441 composite?
True
Is 110509 composite?
True
Is 10369 composite?
False
Is 165653 a composite number?
False
Is 129113 composite?
False
Is 107563 prime?
True
Is 1603045 a composite number?
True
Is 53479 prime?
True
Is 158261 composite?
False
Is 389 a prime number?
True
Is 900511 a prime number?
True
Is 953 a composite number?
False
Is 7633 a composite number?
True
Is 4417 a prime number?
False
Is 13523 composite?
False
Is 9743 prime?
True
Is 32894 a composite number?
True
Is 23783 a prime number?
False
Is 61121 prime?
True
Is 1274061 composite?
True
Is 30739 a composite number?
True
Is 16699 prime?
True
Is 679 prime?
False
Is 14187 composite?
True
Is 661069 prime?
False
Is 374097 a composite number?
True
Is 9019 composite?
True
Is 1949 prime?
True
Is 473579 a prime number?
True
Is 7529 composite?
False
Is 152981 prime?
True
Is 7214 prime?
False
Is 15419 prime?
False
Is 3565385 a prime number?
False
Is 1087 prime?
True
Is 177109 a prime number?
True
Is 23431 a composite number?
False
Is 144277 prime?
False
Is 8903 prime?
False
Is 91765 a prime number?
False
Is 18113 a prime number?
False
Is 24317 prime?
True
Is 3151 composite?
True
Is 8203 a prime number?
False
Is 647969 a prime number?
False
Is 105071 composite?
False
Is 36591 a composite number?
True
Is 7297 prime?
True
Is 6406 a prime number?
False
Is 47155 a composite number?
True
Is 583 prime?
False
Is 60563 prime?
False
Is 191755 a prime number?
False
Is 363791 a prime number?
False
Is 53849 composite?
False
Is 209501 a prime number?
False
Is 417863 composite?
False
Is 24143 composite?
True
Is 62719 prime?
False
Is 19777 prime?
True
Is 3299851 composite?
False
Is 12227 prime?
True
Is 28277 a composite number?
False
Is 61781 prime?
True
Is 61403 composite?
False
Is 2053 composite?
False
Is 37 composite?
False
Is 36831 a composite number?
True
Is 1185551 composite?
False
Is 500807 prime?
True
Is 155599 a composite number?
False
Is 14302 prime?
False
Is 270299 composite?
False
Is 2484541 a composite number?
True
Is 167593 composite?
False
Is 12451 a composite number?
False
Is 18959 prime?
True
Is 1293047 a prime number?
False
Is 296969 a composite number?
False
Is 5623 prime?
True
Is 406763 a prime number?
False
Is 110899 a composite number?
False
Is 43819 composite?
True
Is 1159505 composite?
True
Is 9767 composite?
False
Is 34735 prime?
False
Is 19351 composite?
True
Is 19385 prime?
False
Is 19831 a prime number?
False
Is 3891 a prime number?
False
Is 24659 composite?
False
Is 9827 composite?
True
Is 6947 prime?
True
Is 357031 prime?
True
Is 75253 composite?
False
Is 228457 prime?
True
Is 10133 a composite number?
False
Is 445121 prime?
False
Is 4441 prime?
True
Is 2052601 a composite number?
False
Is 29441 composite?
True
Is 514562 composite?
True
Is 124799 composite?
False
Is 259033 prime?
True
Is 401453 composite?
True
Is 86807 a composite number?
True
Is 106103 composite?
False
Is 1407563 composite?
True
Is 290083 composite?
False
Is 9451 a prime number?
False
Is 23185 a prime number?
False
Is 284579 prime?
False
Is 1348079 a composite number?
True
Is 107243 prime?
True
Is 119671 a composite number?
False
Is 1389667 a composite number?
False
Is 152549 a composite number?
True
Is 20199 prime?
False
Is 1585127 composite?
False
Is 6743 a composite number?
True
Is 883049 a prime number?
True
Is 1367 a composite number?
False
Is 1143259 composite?
True
Is 50497 a prime number?
True
Is 1145533 prime?
True
Is 118339 a composite number?
True
Is 3019 prime?
True
Is 828265 composite?
True
Is 31987 prime?
False
Is 367051 a composite number?
True
Is 96643 a composite number?
False
Is 259951 a prime number?
False
Is 86923 a composite number?
False
Is 81509 prime?
True
Is 13513 prime?
True
Is 299747 composite?
True
Is 3299 a composite number?
False
Is 13 composite?
False
Is 619945 a prime number?
False
Is 62189 a prime number?
True
Is 134903 prime?
False
Is 27785 prime?
False
Is 8453 a composite number?
True
Is 41927 a composite number?
False
Is 977 a prime number?
True
Is 478523 composite?
False
Is 5209 prime?
True
Is 62189 a prime number?
True
Is 45403 a composite number?
False
Is 5219 a composite number?
True
Is 2323 a prime number?
False
Is 30209 prime?
False
Is 878259 prime?
False
Is 38519 prime?
False
Is 7009 a prime number?
False
Is 164258 a prime number?
False
Is 3976619 composite?
False
Is 30089 composite?
False
Is 80695 a composite number?
True
Is 3274 composite?
True
Is 98993 a composite number?
False
Is 151471 a composite number?
False
Is 521 a prime number?
True
Is 138551 a composite number?
True
Is 2633 prime?
True
Is 587371 composite?
False
Is 351179 a prime number?
True
Is 1189 a prime number?
False
Is 62119 prime?
True
Is 90787 a composite number?
False
Is 929 prime?
True
Is 809693 a composite number?
True
Is 174449 prime?
False
Is 5201 prime?
False
Is 48883 a composite number?
False
Is 372919 composite?
True
Is 1007 composite?
True
Is 64529 composite?
True
Is 160507 prime?
True
Is 46679 a composite number?
False
Is 9363 a prime number?
False
Is 83038 composite?
True
Is 14909 composite?
True
Is 925349 prime?
True
Is 404819 a composite number?
False
Is 20037 prime?
False
Is 762023 a prime number?
False
Is 1137 a composite number?
True
Is 147055 prime?
False
Is 9091 composite?
False
Is 156118 prime?
False
Is 3923279 composite?
False
Is 5059 a composite number?
False
Is 276173 a composite number?
False
Is 236931 composite?
True
Is 1369 a prime number?
False
Is 1010883 composite?
True
Is 2633 composite?
False
Is 337 prime?
True
Is 595645 prime?
False
Is 1019039 composite?
True
Is 5999 prime?
False
Is 18947 composite?
False
Is 3589 prime?
False
Is 12929 a prime number?
False
Is 8419 a prime number?
True
Is 41435 composite?
True
Is 8209 prime?
True
Is 34583 a prime number?
True
Is 943 a composite number?
True
Is 54617 prime?
True
Is 71527 prime?
True
Is 328241 prime?
False
Is 179207 composite?
True
Is 355469 a composite number?
True
Is 1862981 composite?
False
Is 20663 a prime number?
True
Is 72323 a composite number?
True
Is 333043 a composite number?
True
Is 1657673 a composite number?
False
Is 81201 a composite number?
True
Is 46087 a prime number?
False
Is 1969 a composite number?
True
Is 130423 composite?
False
Is 304006 composite?
True
Is 4999 prime?
True
Is 3143 prime?
False
Is 220001 a prime number?
False
Is 404177 a prime number?
True
Is 14041 prime?
False
Is 168913 prime?
True
Is 199273 composite?
True
Is 779 prime?
False
Is 23117 composite?
False
Is 2357 composite?
False
Is 11631 composite?
True
Is 329 a prime number?
False
Is 27427 composite?
False
Is 906977 composite?
True
Is 11657 composite?
False
Is 787921 composite?
True
Is 69691 a prime number?
True
Is 922481 prime?
False
Is 33767 a prime number?
True
Is 8608745 a composite number?
True
Is 37607 a prime number?
True
Is 42037 composite?
True
Is 44617 compos